{"id":942,"date":"2014-08-08T11:14:11","date_gmt":"2014-08-08T11:14:11","guid":{"rendered":"http:\/\/kayapati.com\/demos\/milan\/?page_id=942"},"modified":"2017-12-11T12:41:03","modified_gmt":"2017-12-11T11:41:03","slug":"fullscreen-home-page","status":"publish","type":"page","link":"https:\/\/www.kadernictvi-blondies.cz\/","title":{"rendered":"Home"},"content":{"rendered":"<div id=\"pl-942\"  class=\"panel-layout\" ><div id=\"pg-942-0\"  class=\"panel-grid panel-no-style\" ><div id=\"pgc-942-0-0\"  class=\"panel-grid-cell\" ><div id=\"panel-942-0-0-0\" class=\"so-panel widget widget_kaya-vspace panel-first-child\" data-index=\"0\" ><div class=\"vspace\" style=\"margin-bottom: 60px;\"> <\/div><\/div><div id=\"panel-942-0-0-1\" class=\"so-panel widget widget_text\" data-index=\"1\" ><div class=\"panel-widget-style panel-widget-style-for-942-0-0-1\" >\t\t\t<div class=\"textwidget\"><h2 style=\"font-family: Courgette!important; color: #ffffff; font-size: 55px; font-weight: bold; line-height:99px;\">Kade\u0159nictv\u00ed <strong style=\"color:#ffffff;\">Blondies<\/h2>\n<p style=\"font-family: Courgette!important;color: #fff;line-height:30px;font-size:21px;\">V\u00edtejte na str\u00e1nk\u00e1ch na\u0161eho kade\u0159nictv\u00ed<br \/>\nObjednat se m\u016f\u017eete telefonicky na \u010d\u00edslech<\/p>\n<p style=\"font-family: Courgette!important;color: #fff;line-height:30px;font-size:21px;\">Jitka Tomanov\u00e1  605 858 901<br \/>\nHanka \u0160ecov\u00e1&nbsp;&nbsp;&nbsp;606 626 466<\/p>\n<p style=\"font-family: Courgette!important;color: #fff;line-height:30px;font-size:21px;\">\n<\/div>\n\t\t<\/div><\/div><div id=\"panel-942-0-0-2\" class=\"so-panel widget widget_haircare-readmore-button\" data-index=\"2\" >      <style type=\"text\/css\">\r\n        #mid_container_wrapper .widget_haircare-readmore-button .widget_readmore-9 {\r\n          color: #ffffff!important;\r\n          border:2px solid #ffffff!important;\r\n          background: #000000!important;\r\n        }\r\n        #mid_container_wrapper .widget_haircare-readmore-button .widget_readmore-9:hover {\r\n          background-color: #fff!important;\r\n          color: #303030!important;\r\n        }\r\n        .widget_readmore-9.aligncenter{\r\n          display: table!important;\r\n        }\r\n      <\/style>\r\n            <a class=\"readmore widget_readmore-9 alignleft\" href=\"http:\/\/www.kadernictvi-blondies.cz\/index.php\/kontakt\/\" target=\"_blank\" style=\"border:2px solid #000000; color:#ffffff;\">Kde n\u00e1s najdete<\/a>\r\n      <div class=\"clear\">&nbsp;<\/div><\/div><div id=\"panel-942-0-0-3\" class=\"so-panel widget widget_text panel-last-child\" data-index=\"3\" ><div class=\"panel-widget-style panel-widget-style-for-942-0-0-3\" >\t\t\t<div class=\"textwidget\"><p style=\"font-family: Courgette!important;color: #fff;line-height:30px;font-size:21px;\">\nDr.Jansk\u00e9ho 591, 252 28 \u010cerno\u0161ice<\/p>\n<\/div>\n\t\t<\/div><\/div><\/div><div id=\"pgc-942-0-1\"  class=\"panel-grid-cell panel-grid-cell-empty\" ><\/div><div id=\"pgc-942-0-2\"  class=\"panel-grid-cell\" ><div id=\"panel-942-0-2-0\" class=\"so-panel widget widget_kaya-vspace panel-first-child\" data-index=\"4\" ><div class=\"vspace\" style=\"margin-bottom: 60px;\"> <\/div><\/div><div id=\"panel-942-0-2-1\" class=\"so-panel widget widget_kaya-opening-hours-widget\" data-index=\"5\" >      <style>\r\n      .opening_hours_middle li span{\r\n      color:#000000;\r\n      }\r\n      .opening_hours_middle li{\r\n      color:#01080f;\r\n      }\r\n      <\/style>\r\n      <div class=\"opeing_hours_widget_wrapper\"><div class=\"opening_hours_top\"> <\/div><div class=\"opening_hours_middle\"><div class=\"opening_hours_title\"><h3 style=\"color:#000000!important;\">Otev\u00edrac\u00ed doba<\/h3><\/div>            <ul>\n              <li><span>Pond\u011bl\u00ed<\/span> 9:00 - 18:00<\/li>\n              <li><span>\u00dater\u00fd<\/span> 9:00 - 18:00<\/li>\n              <li><span>St\u0159eda<\/span> 9:00 - 18:00<\/li>\n              <li><span>\u010ctvrtek<\/span> 9:00 - 18:00<\/li>\n              <li><span>P\u00e1tek<\/span> 9:00 - 18:00<\/li>\n              <li><span>Sobota<\/span> tel. dohoda<\/li>\n              <li><span>Ned\u011ble<\/span>zav\u0159eno<\/li>\n            <\/ul><\/div><div class=\"opening_hours_bottom\"> <\/div><\/div><\/div><div id=\"panel-942-0-2-2\" class=\"so-panel widget widget_kaya-vspace panel-last-child\" data-index=\"6\" ><div class=\"vspace\" style=\"margin-bottom: 60px;\"> <\/div><\/div><\/div><\/div><\/div>","protected":false},"excerpt":{"rendered":"<p>Kade\u0159nictv\u00ed Blondies V\u00edtejte na str\u00e1nk\u00e1ch na\u0161eho kade\u0159nictv\u00ed Objednat se m\u016f\u017eete telefonicky na \u010d\u00edslech Jitka Tomanov\u00e1 605 858 901 Hanka \u0160ecov\u00e1&nbsp;&nbsp;&nbsp;606 626 466 Dr.Jansk\u00e9ho 591, 252 28 \u010cerno\u0161ice<\/p>\n","protected":false},"author":1,"featured_media":0,"parent":0,"menu_order":0,"comment_status":"open","ping_status":"open","template":"templates\/template-fullwidth.php","meta":{"footnotes":""},"_links":{"self":[{"href":"https:\/\/www.kadernictvi-blondies.cz\/index.php\/wp-json\/wp\/v2\/pages\/942"}],"collection":[{"href":"https:\/\/www.kadernictvi-blondies.cz\/index.php\/wp-json\/wp\/v2\/pages"}],"about":[{"href":"https:\/\/www.kadernictvi-blondies.cz\/index.php\/wp-json\/wp\/v2\/types\/page"}],"author":[{"embeddable":true,"href":"https:\/\/www.kadernictvi-blondies.cz\/index.php\/wp-json\/wp\/v2\/users\/1"}],"replies":[{"embeddable":true,"href":"https:\/\/www.kadernictvi-blondies.cz\/index.php\/wp-json\/wp\/v2\/comments?post=942"}],"version-history":[{"count":308,"href":"https:\/\/www.kadernictvi-blondies.cz\/index.php\/wp-json\/wp\/v2\/pages\/942\/revisions"}],"predecessor-version":[{"id":1644,"href":"https:\/\/www.kadernictvi-blondies.cz\/index.php\/wp-json\/wp\/v2\/pages\/942\/revisions\/1644"}],"wp:attachment":[{"href":"https:\/\/www.kadernictvi-blondies.cz\/index.php\/wp-json\/wp\/v2\/media?parent=942"}],"curies":[{"name":"wp","href":"https:\/\/api.w.org\/{rel}","templated":true}]}}