{"id":145,"date":"2014-07-10T06:50:56","date_gmt":"2014-07-10T06:50:56","guid":{"rendered":"http:\/\/kayapati.com\/demos\/milan\/?page_id=145"},"modified":"2026-02-01T12:11:34","modified_gmt":"2026-02-01T11:11:34","slug":"prices","status":"publish","type":"page","link":"https:\/\/www.kadernictvi-blondies.cz\/index.php\/prices\/","title":{"rendered":"Prices"},"content":{"rendered":"<div id=\"pl-145\"  class=\"panel-layout\" ><div id=\"pg-145-0\"  class=\"panel-grid panel-no-style\" ><div id=\"pgc-145-0-0\"  class=\"panel-grid-cell panel-grid-cell-mobile-last\" ><div id=\"panel-145-0-0-0\" class=\"so-panel widget widget_text panel-first-child panel-last-child\" data-index=\"0\" >\t\t\t<div class=\"textwidget\"><p style=\"text-align: justify;\"><span style=\"font-size: 26.0pt; font-weight: bold; font-family: Courgette; color: #000000;\">Cen\u00edk slu\u017eeb<\/span><\/p>\n<\/div>\n\t\t<\/div><\/div><div id=\"pgc-145-0-1\"  class=\"panel-grid-cell panel-grid-cell-empty\" ><\/div><\/div><div id=\"pg-145-1\"  class=\"panel-grid panel-no-style\" ><div id=\"pgc-145-1-0\"  class=\"panel-grid-cell\" ><div id=\"panel-145-1-0-0\" class=\"so-panel widget widget_kaya-price-table-menu panel-first-child panel-last-child\" data-index=\"1\" ><div class=\"panel-widget-style panel-widget-style-for-145-1-0-0\" >      <style type=\"text\/css\">\r\n      .items_list_box54 ul li{\r\n      color: #000000!important;\r\n      background-color: #ffffff!important;\r\n      font-size: 18px!important;\r\n      }\r\n      <\/style>\r\n      <div class=\"items_list_box items_list_box54\">                                                 <ul>\n            <li><span style=\"font-size: 18.0pt; font-weight: bold; font-family: Courgette; color: #000000;\">pro d\u00e1my<\/span><\/p><li>\n            <li><span>Komplet st\u0159ih S <\/span><span>od 580,- K\u010d<\/span><\/li>\n            <li><span>Komplet st\u0159ih  M<\/span><span>od 680,- K\u010d<\/span><\/li>\n            <li><span>Komplet st\u0159ih  L<\/span><span>od 740,- K\u010d<\/span><\/li>\n            <li><span>Komplet st\u0159ih  XL<\/span><span>od 790-880,- K\u010d<\/span><\/li>\n            <li><span>Komplet barva a st\u0159ih<\/span><span>od 1 270,- K\u010d<\/span><\/li>\n            <li><span>Komplet kombinace barev a st\u0159ih<\/span><span>od 1 590,- K\u010d<\/span><\/li>\n            <li><span>Mel\u00edr f\u00f3lie<\/span><span>od 600,- K\u010d<\/span><\/li>\n            <li><span>Mel\u00edr \u010depice<\/span><span>od 600,- K\u010d<\/span><\/li>\n            <\/ul>\n<\/div><\/div><\/div><\/div><div id=\"pgc-145-1-1\"  class=\"panel-grid-cell panel-grid-cell-empty\" ><\/div><div id=\"pgc-145-1-2\"  class=\"panel-grid-cell\" ><div id=\"panel-145-1-2-0\" class=\"so-panel widget widget_kaya-price-table-menu panel-first-child\" data-index=\"2\" ><div class=\"panel-widget-style panel-widget-style-for-145-1-2-0\" >      <style type=\"text\/css\">\r\n      .items_list_box32 ul li{\r\n      color: #000000!important;\r\n      background-color: #ffffff!important;\r\n      font-size: 18px!important;\r\n      }\r\n      <\/style>\r\n      <div class=\"items_list_box items_list_box32\">                                       <ul>\n            <li><span style=\"font-size: 18.5pt; font-weight: bold; font-family: Courgette; color: #000000;\">pro p\u00e1ny<\/span><\/p><li> \n           <li><span>St\u0159ih p\u00e1nsk\u00fd<\/span><span>320,- K\u010d<\/span><\/li>\n            <li><span>St\u0159ih p\u00e1nsk\u00fd strojkem<\/span><span>210,- K\u010d<\/span><\/li> \n            <li><span>Komplet st\u0159ih p\u00e1nsk\u00fd<\/span><span>od 390,- K\u010d<\/span><\/li> \n           <\/ul>\n            <\/ul>\n<\/div><\/div><\/div><div id=\"panel-145-1-2-1\" class=\"so-panel widget widget_kaya-price-table-menu panel-last-child\" data-index=\"3\" ><div class=\"panel-widget-style panel-widget-style-for-145-1-2-1\" >      <style type=\"text\/css\">\r\n      .items_list_box57 ul li{\r\n      color: #000000!important;\r\n      background-color: #ffffff!important;\r\n      font-size: 18px!important;\r\n      }\r\n      <\/style>\r\n      <div class=\"items_list_box items_list_box57\">           <ul>\n            <li><span style=\"font-size: 18.5pt; font-weight: bold; font-family: Courgette; color: #000000;\">pro d\u011bti<\/span><\/p><li>\n            <li><span>St\u0159ih strojkem<\/span><span>210,- K\u010d<\/span><\/li>\n            <li><span>St\u0159ih klasick\u00fd<\/span><span>320,- K\u010d<\/span><\/li>\n           <\/ul>\n<\/div><\/div><\/div><\/div><\/div><\/div>","protected":false},"excerpt":{"rendered":"<p>Cen\u00edk slu\u017eeb<\/p>\n","protected":false},"author":1,"featured_media":0,"parent":0,"menu_order":0,"comment_status":"open","ping_status":"open","template":"templates\/template-fullwidth.php","meta":{"footnotes":""},"_links":{"self":[{"href":"https:\/\/www.kadernictvi-blondies.cz\/index.php\/wp-json\/wp\/v2\/pages\/145"}],"collection":[{"href":"https:\/\/www.kadernictvi-blondies.cz\/index.php\/wp-json\/wp\/v2\/pages"}],"about":[{"href":"https:\/\/www.kadernictvi-blondies.cz\/index.php\/wp-json\/wp\/v2\/types\/page"}],"author":[{"embeddable":true,"href":"https:\/\/www.kadernictvi-blondies.cz\/index.php\/wp-json\/wp\/v2\/users\/1"}],"replies":[{"embeddable":true,"href":"https:\/\/www.kadernictvi-blondies.cz\/index.php\/wp-json\/wp\/v2\/comments?post=145"}],"version-history":[{"count":341,"href":"https:\/\/www.kadernictvi-blondies.cz\/index.php\/wp-json\/wp\/v2\/pages\/145\/revisions"}],"predecessor-version":[{"id":3261,"href":"https:\/\/www.kadernictvi-blondies.cz\/index.php\/wp-json\/wp\/v2\/pages\/145\/revisions\/3261"}],"wp:attachment":[{"href":"https:\/\/www.kadernictvi-blondies.cz\/index.php\/wp-json\/wp\/v2\/media?parent=145"}],"curies":[{"name":"wp","href":"https:\/\/api.w.org\/{rel}","templated":true}]}}